{"id":112,"date":"2018-11-11T17:20:02","date_gmt":"2018-11-11T17:20:02","guid":{"rendered":"http:\/\/donatorisanguevalstagna.it\/?page_id=112"},"modified":"2018-11-11T18:23:19","modified_gmt":"2018-11-11T18:23:19","slug":"cosa-donare","status":"publish","type":"page","link":"https:\/\/donatorisanguevalstagna.it\/?page_id=112","title":{"rendered":"Cosa donare"},"content":{"rendered":"\n<h2 class=\"wp-block-heading\" style=\"text-align:center\">Il sangue: cosa \u00e8?<\/h2>\n\n\n\n<p>Il sangue umano \u00e8 un liquido di colore variabile dal rosso rubino al rosso violaceo a seconda della quantit\u00e0 di ossigeno legato all&#8217;emoglobina; <br>ha una viscosit\u00e0 circa 4 volte superiore a quella dell&#8217;acqua. <br>Negli esseri umani costituisce circa il 7,7% del peso corporeo, corrispondenti a circa 6 &#8211; 7 litri. <br>Negli adulti il sangue \u00e8 formato da una parte liquida, detta plasma, e  da una parte corpuscolata,  costituita da cellule o frammenti di cellule, quali globuli rossi, globuli bianchi e piastrine.<br><\/p>\n\n\n\n<h2 class=\"wp-block-heading\" style=\"text-align:center\">Cosa si pu\u00f2 donare?<br><\/h2>\n\n\n\n<p>Il sangue \u00e8 una sostanza complessa, in cui ogni elemento costitutivo ha una sua specifica funzione. Pertanto, anche grazie ai progressi fatti in campo emotrasfusionale, oggi \u00e8 possibile trasfondere oltre che il sangue intero anche i suoi costituenti separati.<\/p>\n\n\n\n<ul class=\"wp-block-list\"><li><strong>SANGUE INTERO<\/strong>: <br>Una donazione di sangue intero dura circa 12 minuti: si pu\u00f2 donare ogni 3 mesi (uomini\/donne non in et\u00e0 fertile) oppure ogni 6 mesi (donne in et\u00e0 fertile). Il sangue intero viene utilizzato prevalentemente per la produzione degli emocomponenti  (plasma, piastrine, globuli rossi).<\/li><li><strong>PLASMA (plasmaferesi):<\/strong><br>Una donazione di plasma dura circa 45 minuti, e si pu\u00f2 donare ogni 14 giorni: un separatore cellulare, collegato all&#8217;ago che viene inserito in vena, permette di separare il plasma dalle altre cellule del sangue, che vengono reinfuse nel circolo sanguigno. Vengono prelevati circa 500 ml di plasma ed il tempo di donazione dipende dal flusso di sangue del singolo individuo: tanto pi\u00f9 \u00e8 veloce il flusso di sangue, tanto meno dura la donazione. Il recupero del volume ematico \u00e8 immediato, mentre per il recupero delle sostanze come le proteine occorrono pochi giorni.<\/li><li><strong>PIASTRINE (piastrinoaferesi): <\/strong><br>Una donazione di piastrine dura all&#8217;incirca un&#8217;ora e mezza, con procedimento analogo a quello della plasmaferesi:&nbsp; un&#8217;apparecchiatura separa la parte corpuscolata dal plasma ed estrae da questa le piastrine, che vengono raccolte in un apposita sacca, mentre il plasma, i globuli rossi e i globuli bianchi vengono reinfusi al donatore. \u00c8 possibile effettuare fino a 6 piastrinoaferesi l&#8217;anno.<\/li><\/ul>\n\n\n\n<h2 class=\"wp-block-heading\" style=\"text-align:center\">Compatibilit\u00e0<\/h2>\n\n\n\n<p style=\"text-align:left\">Ogni individuo appartiene ad uno specifico gruppo sanguigno, la cui appartenenza determina la possibilit\u00e0 o meno di donare il sangue o il plasma ad un altro individuo. Nelle immagini che seguono \u00e8 possibile verificare le varie combinazioni: <\/p>\n\n\n\n<p style=\"text-align:center\"><strong>SANGUE INTERO<\/strong><br><\/p>\n\n\n\n<div class=\"wp-block-image\"><figure class=\"aligncenter\"><img loading=\"lazy\" decoding=\"async\" width=\"589\" height=\"332\" src=\"https:\/\/donatorisanguevalstagna.it\/wp-content\/uploads\/2018\/11\/donazioni_sangue_wikipedia.jpg\" alt=\"\" class=\"wp-image-119\" srcset=\"https:\/\/donatorisanguevalstagna.it\/wp-content\/uploads\/2018\/11\/donazioni_sangue_wikipedia.jpg 589w, https:\/\/donatorisanguevalstagna.it\/wp-content\/uploads\/2018\/11\/donazioni_sangue_wikipedia-300x169.jpg 300w\" sizes=\"auto, (max-width: 589px) 100vw, 589px\" \/><figcaption>il Donatore <em>&#8220;universale<\/em>&#8220;di sangue intero \u00e8 colui che appartiene al <br><strong>gruppo 0 rh &#8211;<\/strong><\/figcaption><\/figure><\/div>\n\n\n\n<p style=\"text-align:center\"><strong>PLASMA<\/strong><\/p>\n\n\n\n<div class=\"wp-block-image\"><figure class=\"aligncenter\"><img loading=\"lazy\" decoding=\"async\" width=\"949\" height=\"337\" src=\"https:\/\/donatorisanguevalstagna.it\/wp-content\/uploads\/2018\/11\/Donazioni_Plasma_Avis.jpg\" alt=\"\" class=\"wp-image-120\" srcset=\"https:\/\/donatorisanguevalstagna.it\/wp-content\/uploads\/2018\/11\/Donazioni_Plasma_Avis.jpg 949w, https:\/\/donatorisanguevalstagna.it\/wp-content\/uploads\/2018\/11\/Donazioni_Plasma_Avis-300x107.jpg 300w, https:\/\/donatorisanguevalstagna.it\/wp-content\/uploads\/2018\/11\/Donazioni_Plasma_Avis-768x273.jpg 768w\" sizes=\"auto, (max-width: 949px) 100vw, 949px\" \/><figcaption>il Donatore <em>&#8220;universale<\/em>&#8220;di plasma \u00e8 colui che appartiene al <br><strong>gruppo AB rh +<\/strong><\/figcaption><\/figure><\/div>\n\n\n\n<p><\/p>\n","protected":false},"excerpt":{"rendered":"<p>Il sangue: cosa \u00e8? Il sangue umano \u00e8 un liquido di colore variabile dal rosso rubino al rosso violaceo a seconda della quantit\u00e0 di ossigeno&hellip;<\/p>\n","protected":false},"author":1,"featured_media":0,"parent":0,"menu_order":0,"comment_status":"closed","ping_status":"closed","template":"","meta":{"footnotes":""},"class_list":["post-112","page","type-page","status-publish","hentry"],"_links":{"self":[{"href":"https:\/\/donatorisanguevalstagna.it\/index.php?rest_route=\/wp\/v2\/pages\/112","targetHints":{"allow":["GET"]}}],"collection":[{"href":"https:\/\/donatorisanguevalstagna.it\/index.php?rest_route=\/wp\/v2\/pages"}],"about":[{"href":"https:\/\/donatorisanguevalstagna.it\/index.php?rest_route=\/wp\/v2\/types\/page"}],"author":[{"embeddable":true,"href":"https:\/\/donatorisanguevalstagna.it\/index.php?rest_route=\/wp\/v2\/users\/1"}],"replies":[{"embeddable":true,"href":"https:\/\/donatorisanguevalstagna.it\/index.php?rest_route=%2Fwp%2Fv2%2Fcomments&post=112"}],"version-history":[{"count":4,"href":"https:\/\/donatorisanguevalstagna.it\/index.php?rest_route=\/wp\/v2\/pages\/112\/revisions"}],"predecessor-version":[{"id":123,"href":"https:\/\/donatorisanguevalstagna.it\/index.php?rest_route=\/wp\/v2\/pages\/112\/revisions\/123"}],"wp:attachment":[{"href":"https:\/\/donatorisanguevalstagna.it\/index.php?rest_route=%2Fwp%2Fv2%2Fmedia&parent=112"}],"curies":[{"name":"wp","href":"https:\/\/api.w.org\/{rel}","templated":true}]}}